{"id":88,"date":"2023-07-28T13:38:18","date_gmt":"2023-07-28T11:38:18","guid":{"rendered":"https:\/\/web.sjoenov.dk\/?page_id=88"},"modified":"2023-09-24T18:42:37","modified_gmt":"2023-09-24T16:42:37","slug":"tyverialarm-eller-videoovervagning-2","status":"publish","type":"page","link":"https:\/\/it-secure.dk\/index.php\/tyverialarm-eller-videoovervagning-2\/","title":{"rendered":"ALARM"},"content":{"rendered":"\n<hr class=\"wp-block-separator has-alpha-channel-opacity\"\/>\n\n\n\n<h2 class=\"wp-block-heading\">Tyveri alarm Eller Tekniske Alarmer<\/h2>\n\n\n\n<p>Hvis du have monteret en tyverialarm kan du v\u00e6lge om den skal v\u00e6re uden abonnent eller om du vil have den overv\u00e5get og om der skal v\u00e6re en udryknings tjeneste tilknyttet.<\/p>\n\n\n\n<figure class=\"wp-block-image\"><img decoding=\"async\" src=\"https:\/\/static1.s123-cdn-static-a.com\/uploads\/6928373\/800_6351872dc19aa.png\" alt=\"Alarm\" title=\"\"><\/figure>\n\n\n\n<p><a href=\"https:\/\/www.djk.dk\/\" target=\"_blank\" rel=\"noopener\">djk.dk<\/a><\/p>\n\n\n\n<h3 class=\"wp-block-heading\">KONTROLCENTRAL<\/h3>\n\n\n\n<p>Den Jyske Kontrolcentral A\/S er totalleverand\u00f8r af kontrolcentralydelser til det danske sikkerhedsmarked. Med erfarne, professionelle vagtassistenter og moderne udstyr udbyder vi ydelser med h\u00f8j grad af stabilitet og fleksibilitet.<br><br><strong>Med fokus p\u00e5 sikkerhed og service<\/strong><br>Vores kontrolcentral er bemandet med uddannede og erfarne vagtassistenter hele d\u00f8gnet, \u00e5ret rundt. Det betyder, at der altid er nogen, der holder \u00f8je med alarmerne &#8211; uanset om kunderne er ude eller hjemme, har \u00e5bent eller lukket. Vores vagtassistenter sidder altid klar til at reagere p\u00e5 alarmerne og assistere kunderne i alt fra afmelding af alarmer til betjening af g\u00e6nge alarmcentraler.<\/p>\n\n\n\n<p>Vores fokus er at kombinere sikkerhed og service til en h\u00f8jere enhed. Dette sammenholdt med vores m\u00e5ls\u00e6tning om at v\u00e6re f\u00f8rende indenfor det teknologiske omr\u00e5de g\u00f8r Den Jyske Kontrolcentral til en attraktiv partner p\u00e5 sikringsmarkedet.<br><br><strong>Behov for \u00f8get tryghed<br><\/strong>Behovet for optimal sikkerhed og drift bliver kun st\u00f8rre og st\u00f8rre i takt med den teknologiske udvikling. Derfor er det vores mission at tilbyde innovative og gennempr\u00f8vede l\u00f8sninger, som sikrer b\u00e5de vores samarbejdspartneres og deres kunders tillid, tryghed og sikkerhed.<br><br><strong>Stabilitet og fleksibilitet<\/strong><br>N\u00e5r vi snakker om sikkerhed, er stabilitet og fleksibilitet afg\u00f8rende. Systemerne vi bruger i vores alarmbehandling, giver mulighed for fleksible, stabile og mangeartede l\u00f8sninger &#8211; s\u00e5 vi kan altid finde \u00e9n, der passer lige til dig og dine kunder.<\/p>\n\n\n\n<p><img decoding=\"async\" src=\"https:\/\/static.s123-cdn-static-c.com\/uploads\/6928373\/2000_635186e7a06d3.png\" alt=\"\" title=\"\"><a href=\"https:\/\/www.djk.dk\/services#care\" target=\"_blank\" rel=\"noopener\"><\/a><\/p>\n\n\n\n<h3 class=\"wp-block-heading\">CARE<\/h3>\n\n\n\n<p>Vi h\u00f8rer det ofte. Der er travlt i den offentlige sektor. Nogle gange lidt for travlt. Derfor tilbyder Den Jyske Kontrolcentral en hostet care-l\u00f8sning rettet direkte mod \u00e6ldreplejen, hvor vi behandler n\u00f8dkald fra borgerne.<\/p>\n\n\n\n<p>N\u00f8dkaldene forbindes direkte til Den Jyske Kontrolcentral, som st\u00e5r for drift, opdateringer, udvikling og vedligehold af IT-infrastrukturen. Ydermere er telefonomkostningerne en del af denne l\u00f8sning.<br><br><strong>F\u00e5 mere tid til at skabe tryghed<\/strong><br>Med vores care-l\u00f8sning risikerer borgerne ikke at vente forg\u00e6ves p\u00e5, at plejepersonalet besvarer n\u00f8dkaldet. Vores erfarne og veltalende medarbejdere besvarer hurtigt og venligt borgerens n\u00f8dkald. Vores medarbejdere er uddannede i kriseh\u00e5ndtering og beroliger borgerne, hvis uheldet skulle v\u00e6re ude. Det skaber tryghed blandt b\u00e5de plejepersonalet og borgerne.<br><br><strong>Forvagt og bagvagt<\/strong><br>L\u00f8sningen s\u00e6ttes op, s\u00e5ledes at Den Jyske Kontrolcentral enten fungerer som forvagt eller bagvagt for jeres n\u00f8dkald. I forvagten visiteres n\u00f8dkaldene og informationerne herfra videregives efter jeres \u00f8nske. Derved forstyrres plejepersonalet ikke, der i stedet kan forts\u00e6tte med at v\u00e6re n\u00e6rv\u00e6rende, mens vi tager imod n\u00f8dkaldende fra borgerne. &nbsp;<\/p>\n\n\n\n<p>Bagvagtl\u00f8sningen fungerer, s\u00e5ledes at vi besvarer n\u00f8dkald i de tilf\u00e6lde, hvor plejepersonalet ikke selv kan tage imod n\u00f8dkaldet. Derved mister I aldrig et n\u00f8dkald. Som bagvagt videregives informationerne om borgernes n\u00f8dkald efter jeres \u00f8nske.<\/p>\n\n\n\n<p><img decoding=\"async\" src=\"https:\/\/static.s123-cdn-static-c.com\/uploads\/6928373\/2000_635186e7b13e0.png\" alt=\"\" title=\"\"><a href=\"https:\/\/www.djk.dk\/services#vagt\" target=\"_blank\" rel=\"noopener\"><\/a><\/p>\n\n\n\n<h3 class=\"wp-block-heading\">VAGT<\/h3>\n\n\n\n<p>Den Jyske Kontrolcentral tilbyder at v\u00e6re b\u00e5de installat\u00f8rens og v\u00e6gterens forl\u00e6ngede arm. Det betyder, at vi b\u00e5de koordinerer vagtudrykninger og laver kontrakter for installat\u00f8rerne med vagtselskaberne.<\/p>\n\n\n\n<p>Som installat\u00f8r kan du f\u00e5 b\u00e5de kontrolcentrall\u00f8sningen og vagtl\u00f8sningen til dine kunder gennem os. Vi st\u00e5r ydermere for rapporteringen, som kan v\u00e6re b\u00e5de formel og individuel.<br><br><strong>Vi er lokale og nationale<\/strong><br>I forbindelse med alarmbehandlingen ved Den Jyske Kontrolcentral samarbejder vi med lokale og reginale vagtselskaber og er s\u00e5ledes landsd\u00e6kkende. Det lokale samarbejde g\u00f8r, at v\u00e6gterne kender omr\u00e5derne s\u00e6rdeles godt og altid er i n\u00e6rheden. Har du valgt en vagtl\u00f8sning ved os, kan du derfor altid regne med, at det er den n\u00e6rmeste ledige vagt, der sendes ved vagtudrykning.<br><br><strong>Dispatch g\u00f8r arbejdet nemmere for v\u00e6gterne<\/strong><br>Vi s\u00f8ger hele tiden at udvikle og effektivisere vores samarbejde med vagtselskaberne. Et af vores tiltag p\u00e5 dette omr\u00e5de er konceptet dispatch. Med dispatch flytter vi kommunikationen med v\u00e6gteren til en databaseret l\u00f8sning, hvor vores vagtassistenter sender udrykningen direkte til v\u00e6gteren via en PDA.<\/p>\n\n\n\n<p>Dispatchl\u00f8sningen giver ydermere vagtselskaberne mulighed for at foretage den daglige administration og udtage statistik gennem vores WEB-l\u00f8sning, VagtWEB. &nbsp; Den Jyske Kontrolcentral er desuden medejer af flere vagtselskaber.&nbsp;<\/p>\n\n\n\n<p><img decoding=\"async\" src=\"https:\/\/static.s123-cdn-static-c.com\/uploads\/6928373\/2000_635186e7be482.png\" alt=\"\" title=\"\"><a href=\"https:\/\/www.djk.dk\/services#video\" target=\"_blank\" rel=\"noopener\"><\/a><\/p>\n\n\n\n<h3 class=\"wp-block-heading\">VIDEOOVERV\u00c5GNING<\/h3>\n\n\n\n<p>Udover at forhindre selve tyveriet, kan en alarm med videooverv\u00e5gning spare virksomheder for en masse b\u00f8vl. Ofte er den d<\/p>\n","protected":false},"excerpt":{"rendered":"<p>Tyveri alarm Eller Tekniske Alarmer Hvis du have monteret en tyverialarm kan du v\u00e6lge om [&hellip;]<\/p>\n","protected":false},"author":1,"featured_media":0,"parent":0,"menu_order":0,"comment_status":"closed","ping_status":"closed","template":"","meta":{"footnotes":""},"class_list":["post-88","page","type-page","status-publish","hentry"],"_links":{"self":[{"href":"https:\/\/it-secure.dk\/index.php\/wp-json\/wp\/v2\/pages\/88","targetHints":{"allow":["GET"]}}],"collection":[{"href":"https:\/\/it-secure.dk\/index.php\/wp-json\/wp\/v2\/pages"}],"about":[{"href":"https:\/\/it-secure.dk\/index.php\/wp-json\/wp\/v2\/types\/page"}],"author":[{"embeddable":true,"href":"https:\/\/it-secure.dk\/index.php\/wp-json\/wp\/v2\/users\/1"}],"replies":[{"embeddable":true,"href":"https:\/\/it-secure.dk\/index.php\/wp-json\/wp\/v2\/comments?post=88"}],"version-history":[{"count":2,"href":"https:\/\/it-secure.dk\/index.php\/wp-json\/wp\/v2\/pages\/88\/revisions"}],"predecessor-version":[{"id":661,"href":"https:\/\/it-secure.dk\/index.php\/wp-json\/wp\/v2\/pages\/88\/revisions\/661"}],"wp:attachment":[{"href":"https:\/\/it-secure.dk\/index.php\/wp-json\/wp\/v2\/media?parent=88"}],"curies":[{"name":"wp","href":"https:\/\/api.w.org\/{rel}","templated":true}]}}