{"id":273,"date":"2023-08-30T06:58:59","date_gmt":"2023-08-30T04:58:59","guid":{"rendered":"https:\/\/it-secure.dk\/?page_id=273"},"modified":"2023-12-20T08:38:18","modified_gmt":"2023-12-20T06:38:18","slug":"smartlaas","status":"publish","type":"page","link":"https:\/\/it-secure.dk\/index.php\/smartlaas\/","title":{"rendered":"Smartl\u00e5s"},"content":{"rendered":"\n<figure class=\"wp-block-image size-full\"><img loading=\"lazy\" decoding=\"async\" width=\"1024\" height=\"755\" src=\"https:\/\/it-secure.dk\/wp-content\/uploads\/2023\/08\/T-Lock-frontbag_web-1024x755-1.jpg\" alt=\"\" class=\"wp-image-274\" title=\"\"><\/figure>\n\n\n\n<h4 class=\"wp-block-heading\">Til stort set alle typer l\u00e5sekasse!<\/h4>\n\n\n\n<p>Denne smartl\u00e5s fra Zafe T-Lock er en digital smartl\u00e5s der passer direkte p\u00e5 eksisterende ASSA modull\u00e5sekasser, dr\u00e5bev\u00e6rk, Ruko 245 og mange flere\u2026<br>Passer desuden p\u00e5 b\u00e5de 3-punktsl\u00e5se og standard (uden 3-punkt)..<\/p>\n\n\n\n<p>T-Lock til oval cylinder kan monteres med den eksisterende l\u00e5sekasse + cylinder og kan derfor n\u00f8d-opl\u00e5ses med mekanisk n\u00f8gle.<\/p>\n\n\n\n<p><strong>Smart funktioner:<br><\/strong>\u2022 Fingeraftryk, pinkode, Mifare brik<br>\u2022 Bluetooth E-N\u00f8gle \u2013 app p\u00e5 telefon og Apple Watch<br>\u2022 Tidsbestemte koder\/brikker<br>\u2022 Engangskoder (h\u00e5ndv\u00e6rker kode)<br>\u2022 Tidsskema (f.eks. \u00e5bningstid)<br>\u2022 Adgangslog<br>\u2022 *WiFi adgang&nbsp; (kun med gateway)<br>\u2022 IP55&nbsp; \u2013&nbsp; M\u00e5l: 300x60x22mm<\/p>\n\n\n\n<p>**Oval model<\/p>\n\n\n\n<figure class=\"wp-block-image\"><img decoding=\"async\" src=\"https:\/\/plento.dk\/wp-content\/uploads\/2022\/01\/ZAFE-T-Lock-doer_2-1024x683.jpg\" alt=\"Zafe T-Lock smartl\u00e5s\" class=\"wp-image-1722\" title=\"\"><\/figure>\n\n\n\n<p>F\u00e5r mere info p\u00e5 <a href=\"https:\/\/plento.dk\/zafe\/t-lock\/\" target=\"_blank\" rel=\"noopener\">Plento.dk<\/a><\/p>\n\n\n\n<p>I denne serie af smartl\u00e5se findes der ogs\u00e5 n\u00f8glebokse, h\u00e6ngel\u00e5se, ja enda kodetastature til erstatning af det tastatur som du i forvejen har siddene ved din garageport.<\/p>\n\n\n\n<p>Link til <a href=\"https:\/\/lock2.ttlock.com\/\" data-type=\"link\" data-id=\"https:\/\/lock2.ttlock.com\/\" target=\"_blank\" rel=\"noopener\">TTLock Web System<\/a>.<\/p>\n\n\n\n<p><a href=\"https:\/\/it-secure.dk\">Tilbage til forsiden<\/a><\/p>\n","protected":false},"excerpt":{"rendered":"<p>Til stort set alle typer l\u00e5sekasse! Denne smartl\u00e5s fra Zafe T-Lock er en digital smartl\u00e5s [&hellip;]<\/p>\n","protected":false},"author":1,"featured_media":0,"parent":0,"menu_order":0,"comment_status":"closed","ping_status":"closed","template":"","meta":{"footnotes":""},"class_list":["post-273","page","type-page","status-publish","hentry"],"_links":{"self":[{"href":"https:\/\/it-secure.dk\/index.php\/wp-json\/wp\/v2\/pages\/273","targetHints":{"allow":["GET"]}}],"collection":[{"href":"https:\/\/it-secure.dk\/index.php\/wp-json\/wp\/v2\/pages"}],"about":[{"href":"https:\/\/it-secure.dk\/index.php\/wp-json\/wp\/v2\/types\/page"}],"author":[{"embeddable":true,"href":"https:\/\/it-secure.dk\/index.php\/wp-json\/wp\/v2\/users\/1"}],"replies":[{"embeddable":true,"href":"https:\/\/it-secure.dk\/index.php\/wp-json\/wp\/v2\/comments?post=273"}],"version-history":[{"count":7,"href":"https:\/\/it-secure.dk\/index.php\/wp-json\/wp\/v2\/pages\/273\/revisions"}],"predecessor-version":[{"id":695,"href":"https:\/\/it-secure.dk\/index.php\/wp-json\/wp\/v2\/pages\/273\/revisions\/695"}],"wp:attachment":[{"href":"https:\/\/it-secure.dk\/index.php\/wp-json\/wp\/v2\/media?parent=273"}],"curies":[{"name":"wp","href":"https:\/\/api.w.org\/{rel}","templated":true}]}}