{"id":14,"date":"2023-07-25T18:51:50","date_gmt":"2023-07-25T16:51:50","guid":{"rendered":"http:\/\/web.sjoenov.dk\/?page_id=13"},"modified":"2023-09-24T08:59:16","modified_gmt":"2023-09-24T06:59:16","slug":"support-klippekort-it-support-priser","status":"publish","type":"page","link":"https:\/\/it-secure.dk\/index.php\/support-klippekort-it-support-priser\/","title":{"rendered":"Support Klippekort"},"content":{"rendered":"\n<figure class=\"wp-block-image alignleft size-full is-resized\"><img loading=\"lazy\" decoding=\"async\" src=\"https:\/\/it-secure.dk\/wp-content\/uploads\/2023\/08\/support.jpg\" alt=\"Support klippekort\" class=\"wp-image-388\" style=\"width:236px;height:236px\" width=\"236\" height=\"236\" title=\"\"><\/figure>\n\n\n\n<p class=\"has-text-align-center\"><strong>Support klippekort med 20 klip af 15 min = 5 timer.<\/strong><br>Et klip har en v\u00e6rdi af 120 kr. og du sparer ialt 575,- kr. p\u00e5 normalprisen (2.975,- Kr.).<br>Pris: 2.400,- kr.<\/p>\n\n\n\n<p class=\"has-text-align-center\"><strong>Support Klippekort med 40 klip af 15 min = 10 timer.<\/strong><br>Et klip har en v\u00e6rdi af 110 kr og du sparer ialt 1.550,- kr. p\u00e5 normalprisen (5.950,- Kr.).<br>Pris: 4.400,- kr.<\/p>\n\n\n\n<p class=\"has-text-align-center\">             <strong>Support Klippekort med 100 klip af 15 min = 25 timer.<\/strong><br>             Et klip har en v\u00e6rdi af 100,- kr og du sparer ialt 4.875,- kr. p\u00e5 normalprisen (14.875,- Kr.).<br>              Pris: 10.000,- kr.<\/p>\n\n\n\n<p class=\"has-text-align-center\">            IT support tilbydes via tlf., mail, fjernstyring, Udk\u00f8rsel faktureres for 30 min. p\u00e5 Fyn. <\/p>\n\n\n\n<p class=\"has-text-align-center\">            <strong>Betingelser vedr. klippekort:<\/strong><br>            1 klip er 15 minutter og der klippes pr. p\u00e5begyndt kvarter. Klippekort skal v\u00e6re bestilt og betalt           inden p\u00e5begyndelse af en given opgave. <\/p>\n\n\n\n<p class=\"has-text-align-center\">           Efter hver gang der tages klip fra klippekortet, sendes der en mail om antallet af<\/p>\n\n\n\n<p><\/p>\n\n\n\n<h2 class=\"wp-block-heading has-text-align-center\">Hvorfor er et support klippekort noget for dig?&nbsp;<strong>Ved at k\u00f8be et support klippekort hos IT-Secure, kan du spare op til 32% p\u00e5 timeprisen<\/strong>. N\u00e5r du k\u00f8ber et klippekort hos os, s\u00e5 forudbetaler du klippekortet, med det antal timer du har brug for, og s\u00e5 bliver du ikke faktureret yderligere n\u00e5r du har brug for hj\u00e6lp.<\/h2>\n\n\n\n<p><a href=\"https:\/\/it-secure.dk\/index.php\/priser-og-hvad-er-time-prisen\/\" data-type=\"page\" data-id=\"12\">Se i\u00f8vrigt generalle priser.<\/a><\/p>\n","protected":false},"excerpt":{"rendered":"<p>Support klippekort med 20 klip af 15 min = 5 timer.Et klip har en v\u00e6rdi [&hellip;]<\/p>\n","protected":false},"author":1,"featured_media":0,"parent":0,"menu_order":0,"comment_status":"closed","ping_status":"closed","template":"","meta":{"footnotes":""},"class_list":["post-14","page","type-page","status-publish","hentry"],"_links":{"self":[{"href":"https:\/\/it-secure.dk\/index.php\/wp-json\/wp\/v2\/pages\/14","targetHints":{"allow":["GET"]}}],"collection":[{"href":"https:\/\/it-secure.dk\/index.php\/wp-json\/wp\/v2\/pages"}],"about":[{"href":"https:\/\/it-secure.dk\/index.php\/wp-json\/wp\/v2\/types\/page"}],"author":[{"embeddable":true,"href":"https:\/\/it-secure.dk\/index.php\/wp-json\/wp\/v2\/users\/1"}],"replies":[{"embeddable":true,"href":"https:\/\/it-secure.dk\/index.php\/wp-json\/wp\/v2\/comments?post=14"}],"version-history":[{"count":10,"href":"https:\/\/it-secure.dk\/index.php\/wp-json\/wp\/v2\/pages\/14\/revisions"}],"predecessor-version":[{"id":658,"href":"https:\/\/it-secure.dk\/index.php\/wp-json\/wp\/v2\/pages\/14\/revisions\/658"}],"wp:attachment":[{"href":"https:\/\/it-secure.dk\/index.php\/wp-json\/wp\/v2\/media?parent=14"}],"curies":[{"name":"wp","href":"https:\/\/api.w.org\/{rel}","templated":true}]}}