{"id":127,"date":"2023-07-28T19:04:32","date_gmt":"2023-07-28T17:04:32","guid":{"rendered":"https:\/\/web.sjoenov.dk\/?page_id=127"},"modified":"2024-01-04T20:08:09","modified_gmt":"2024-01-04T18:08:09","slug":"kontakt-med-it-secure-ring-21951313","status":"publish","type":"page","link":"https:\/\/it-secure.dk\/index.php\/kontakt-med-it-secure-ring-21951313\/","title":{"rendered":"Kontakt"},"content":{"rendered":"\n<h2 class=\"wp-block-heading\">Kontakt med IT-SECURE<\/h2>\n\n\n\n<figure class=\"wp-block-image size-full is-resized\"><a href=\"https:\/\/login.microsoftonline.com\/\" target=\"_blank\" rel=\"noopener\"><img loading=\"lazy\" decoding=\"async\" width=\"410\" height=\"320\" src=\"https:\/\/it-secure.dk\/wp-content\/uploads\/2023\/08\/email.png\" alt=\"Kontakt med IT-SECURE @ ikon.\" class=\"wp-image-366\" style=\"width:220px;height:172px\" title=\"\"><\/a><\/figure>\n\n\n\n<p>Fant du ikke det som du ville p\u00e5 min hjemmeside. Og vil du i kontakt med IT-Secure. Du kan benytte denne formular, husk at skrive hvad din henvendelse drejer sig om, s\u00e5 kan jeg bedre besvare din henvendelse, og jeg vil bestr\u00e6be mig p\u00e5 at vende tilbage inden for en arbejdsdag. Er dette ikke hurtigt nok s\u00e5 m\u00e5 du gerne ringe. Du kan ogs\u00e5 s\u00f8ge lidt rundt p\u00e5 denne hjemmeside og se om du kan finde det svar som du s\u00f8ger.<\/p>\n\n\n<div class=\"wpforms-container wpforms-container-full wpforms-block wpforms-block-13cb1417-e526-4cd4-af5a-72a62d77ecc8 wpforms-render-modern\" id=\"wpforms-269\"><form id=\"wpforms-form-269\" class=\"wpforms-validate wpforms-form wpforms-ajax-form\" data-formid=\"269\" method=\"post\" enctype=\"multipart\/form-data\" action=\"\/index.php\/wp-json\/wp\/v2\/pages\/127\" data-token=\"7a3b3b1b90aeb7905b132e657bd12ed4\" data-token-time=\"1778068363\"><noscript class=\"wpforms-error-noscript\">Please enable JavaScript in your browser to complete this form.<\/noscript><div id=\"wpforms-error-noscript\" style=\"display: none;\">Please enable JavaScript in your browser to complete this form.<\/div><div class=\"wpforms-field-container\"><div id=\"wpforms-269-field_0-container\" class=\"wpforms-field wpforms-field-name\" data-field-id=\"0\"><fieldset><legend class=\"wpforms-field-label\">Navn <span class=\"wpforms-required-label\" aria-hidden=\"true\">*<\/span><\/legend><div class=\"wpforms-field-row wpforms-field-medium\"><div class=\"wpforms-field-row-block wpforms-first wpforms-one-half\"><input type=\"text\" id=\"wpforms-269-field_0\" class=\"wpforms-field-name-first wpforms-field-required\" name=\"wpforms[fields][0][first]\" aria-errormessage=\"wpforms-269-field_0-error\" required><label for=\"wpforms-269-field_0\" class=\"wpforms-field-sublabel after\">First<\/label><\/div><div class=\"wpforms-field-row-block wpforms-one-half\"><input type=\"text\" id=\"wpforms-269-field_0-last\" class=\"wpforms-field-name-last wpforms-field-required\" name=\"wpforms[fields][0][last]\" aria-errormessage=\"wpforms-269-field_0-last-error\" required><label for=\"wpforms-269-field_0-last\" class=\"wpforms-field-sublabel after\">Last<\/label><\/div><\/div><\/fieldset><\/div><div id=\"wpforms-269-field_1-container\" class=\"wpforms-field wpforms-field-email\" data-field-id=\"1\"><label class=\"wpforms-field-label\" for=\"wpforms-269-field_1\">Email <span class=\"wpforms-required-label\" aria-hidden=\"true\">*<\/span><\/label><input type=\"email\" id=\"wpforms-269-field_1\" class=\"wpforms-field-medium wpforms-field-required\" name=\"wpforms[fields][1]\" spellcheck=\"false\" aria-errormessage=\"wpforms-269-field_1-error\" required><\/div><div id=\"wpforms-269-field_2-container\" class=\"wpforms-field wpforms-field-textarea\" data-field-id=\"2\"><label class=\"wpforms-field-label\" for=\"wpforms-269-field_2\">Besked<\/label><textarea id=\"wpforms-269-field_2\" class=\"wpforms-field-medium\" name=\"wpforms[fields][2]\" aria-errormessage=\"wpforms-269-field_2-error\" ><\/textarea><\/div><\/div><!-- .wpforms-field-container --><div class=\"wpforms-recaptcha-container wpforms-is-turnstile\" ><div class=\"wpforms-turnstile\" data-sitekey=\"0x4AAAAAAAO2o5LSs8kV94fq\" data-action=\"FormID-269\"><\/div><input type=\"text\" name=\"g-recaptcha-hidden\" class=\"wpforms-recaptcha-hidden\" style=\"position:absolute!important;clip:rect(0,0,0,0)!important;height:1px!important;width:1px!important;border:0!important;overflow:hidden!important;padding:0!important;margin:0!important;\" data-rule-turnstile=\"1\"><\/div><div class=\"wpforms-submit-container\" ><input type=\"hidden\" name=\"wpforms[id]\" value=\"269\"><input type=\"hidden\" name=\"page_title\" value=\"\"><input type=\"hidden\" name=\"page_url\" value=\"https:\/\/it-secure.dk\/index.php\/wp-json\/wp\/v2\/pages\/127\"><input type=\"hidden\" name=\"url_referer\" value=\"\"><button type=\"submit\" name=\"wpforms[submit]\" id=\"wpforms-submit-269\" class=\"wpforms-submit\" data-alt-text=\"Sending...\" data-submit-text=\"Submit\" aria-live=\"assertive\" value=\"wpforms-submit\">Submit<\/button><img loading=\"lazy\" decoding=\"async\" src=\"https:\/\/it-secure.dk\/wp-content\/plugins\/wpforms-lite\/assets\/images\/submit-spin.svg\" class=\"wpforms-submit-spinner\" style=\"display: none;\" width=\"26\" height=\"26\" alt=\"Loading\" title=\"\"><\/div><\/form><\/div>  <!-- .wpforms-container -->\n\n\n\n\n<p>Du er ogs\u00e5 velkommen til at ringe til os p\u00e5<a href=\"tel:+45 21951313\">&nbsp;2195 1313<\/a><\/p>\n\n\n\n<p><\/p>\n\n\n\n<h6 class=\"wp-block-heading\"><strong>\u00c5BNINGSTIDER<\/strong><\/h6>\n\n\n\n<p>Mandag \u2013 Torsdag kl. 7:00 \u2013 17:00<br>Fredag kl. 7.00 \u2013 14.00<br>NB! Mulighed for 24\/7\/365 adgang til support for kunder med vagtordning.<\/p>\n\n\n\n<h6 class=\"wp-block-heading\"><strong>ADMINISTRATIONEN<\/strong><\/h6>\n\n\n\n<p>Mandag \u2013 Fredag kl. 8.00 \u2013 16.00<\/p>\n\n\n\n<hr class=\"wp-block-separator has-alpha-channel-opacity\"\/>\n\n\n\n<h6 class=\"wp-block-heading\"><strong>BANKFORBINDELSER<\/strong><\/h6>\n\n\n\n<p>Nykredit Bank<br>Reg. nr.: 5479<br>Konto nr.: 0008009241<br>IBAN konto: DK7654790008009241<br>SWIFT: NYKBDKKK<\/p>\n\n\n\n<hr class=\"wp-block-separator has-alpha-channel-opacity\"\/>\n\n\n\n<h6 class=\"wp-block-heading\"><strong>CVR NR.<\/strong><\/h6>\n\n\n\n<p>39231506<\/p>\n\n\n\n<p><\/p>\n\n\n\n<ul class=\"wp-block-list\">\n<li>Berildsvej 14, 5610 Assens, Danmark<\/li>\n\n\n\n<li><a href=\"https:\/\/wa.me\/4521951313\" target=\"_blank\" rel=\"noreferrer noopener\">+45-21951313<\/a><\/li>\n\n\n\n<li><a href=\"mailto:support@it-secure.dk\">support@it-secure.dk<\/a><\/li>\n<\/ul>\n\n\n<style id=\"wpforms-css-vars-116-block-78ca614d-0c0b-41f6-a767-e5f53eea56ee\">\n\t\t\t\t#wpforms-116.wpforms-block-78ca614d-0c0b-41f6-a767-e5f53eea56ee {\n\t\t\t\t--wpforms-field-border-color: #0AD2BA;\n--wpforms-field-border-color-spare: #0AD2BA;\n--wpforms-label-size-font-size: 14px;\n--wpforms-label-size-line-height: 17px;\n--wpforms-label-size-sublabel-font-size: 13px;\n--wpforms-label-size-sublabel-line-height: 16px;\n--wpforms-button-size-font-size: 14px;\n--wpforms-button-size-height: 37px;\n--wpforms-button-size-padding-h: 15px;\n--wpforms-button-size-margin-top: 5px;\n\t\t\t}\n\t\t\t<\/style>\n\n\n<iframe src=\"https:\/\/www.google.com\/maps\/embed?pb=!1m18!1m12!1m3!1d2273.088562310923!2d9.905008777090957!3d55.26913522914048!2m3!1f0!2f0!3f0!3m2!1i1024!2i768!4f13.1!3m3!1m2!1s0x464cc62866735d65%3A0x1c9c283697852e18!2sBerildsvej%2014%2C%205610%20Assens!5e0!3m2!1sda!2sdk!4v1690533253253!5m2!1sda!2sdk\" width=\"900\" height=\"450\" style=\"border:0;\" allowfullscreen=\"\" loading=\"lazy\" referrerpolicy=\"no-referrer-when-downgrade\"><\/iframe>\n\n\n\n<p><a href=\"https:\/\/it-secure.dk\">Tilbage til forsiden<\/a><\/p>\n","protected":false},"excerpt":{"rendered":"<p>Kontakt med IT-SECURE Fant du ikke det som du ville p\u00e5 min hjemmeside. Og vil [&hellip;]<\/p>\n","protected":false},"author":1,"featured_media":0,"parent":0,"menu_order":0,"comment_status":"closed","ping_status":"closed","template":"","meta":{"footnotes":""},"class_list":["post-127","page","type-page","status-publish","hentry"],"_links":{"self":[{"href":"https:\/\/it-secure.dk\/index.php\/wp-json\/wp\/v2\/pages\/127","targetHints":{"allow":["GET"]}}],"collection":[{"href":"https:\/\/it-secure.dk\/index.php\/wp-json\/wp\/v2\/pages"}],"about":[{"href":"https:\/\/it-secure.dk\/index.php\/wp-json\/wp\/v2\/types\/page"}],"author":[{"embeddable":true,"href":"https:\/\/it-secure.dk\/index.php\/wp-json\/wp\/v2\/users\/1"}],"replies":[{"embeddable":true,"href":"https:\/\/it-secure.dk\/index.php\/wp-json\/wp\/v2\/comments?post=127"}],"version-history":[{"count":22,"href":"https:\/\/it-secure.dk\/index.php\/wp-json\/wp\/v2\/pages\/127\/revisions"}],"predecessor-version":[{"id":754,"href":"https:\/\/it-secure.dk\/index.php\/wp-json\/wp\/v2\/pages\/127\/revisions\/754"}],"wp:attachment":[{"href":"https:\/\/it-secure.dk\/index.php\/wp-json\/wp\/v2\/media?parent=127"}],"curies":[{"name":"wp","href":"https:\/\/api.w.org\/{rel}","templated":true}]}}